3*o, 2*s - 110 = 4*o. What is the units digit of (-3)/2*(-10)/15*s?
1
Suppose -2 = -5*s - 22. Let b be (25/s + 2)*-8. What is the tens digit of 3492/204 + (-4)/b?
1
Let g(v) = -12*v**2 + v + 1. Let i(o) = 35*o**2 - 4*o - 3. Let t(h) = 8*g(h) + 3*i(h). Let p be t(-3). Let z = p + 62. What is the tens digit of z?
5
Suppose 0 = -7*s - 14*s + 1092. What is the tens digit of s + 1 + (-10)/15*-6?
5
Let f(m) = m**2 + 4*m + 7. Let p be f(-2). Suppose 0 = p*t + w - 14, 12 = 2*t - 3*w + w. Suppose t*b = -b + 360. What is the tens digit of b?
6
Suppose 94*n = -216 + 4070. Suppose -2*o = -5*v - 27 - 36, 5*v = 25. Suppose 12 = -n*b + o*b. What is the units digit of b?
4
Suppose -18*o + 21*o + 4*m - 44829 = 0, -14905 = -o + 5*m. What is the thousands digit of o?
4
Suppose -3*g + 4*g - 256 = 0. Suppose -2*u - 4*z - 184 = 0, -3*u - z - g = z. Let h = -31 - u. What is the tens digit of h?
5
Let x be (-10)/5*(1 - (-45)/(-10)). Suppose 46*i = x*i + 35256. What is the units digit of i?
4
Let z(c) = 10*c - 16. Let g be z(10). Let p be (-4 + g/8)*-20. Let o = p + 260. What is the tens digit of o?
3
Let t = 5634 - 4939. What is the units digit of t?
5
Let q(w) = -29*w + 17*w**2 + 38 + 8*w**2 + 35*w + 7 - 2*w**2. What is the hundreds digit of q(-8)?
4
Let a(w) = 2*w**2 - 38*w + 36. Let m be a(-28). Let s = -1797 + m. What is the hundreds digit of s?
8
Suppose 5*t = -2*r + 150076, -150084 = -2*r + 745*t - 749*t. What is the thousands digit of r?
5
Suppose -931*n + 327684 = -889*n. What is the units digit of n?
2
Let u(a) = -8*a + 180. Let p be u(-15). Let h = p - 51. What is the tens digit of h?
4
Suppose 23 = u + 43. Let x be u/(-6) - 4/3. Let r(o) = 14*o**2 - 4*o - 1. What is the units digit of r(x)?
7
Let y = 122 - 113. Suppose y = -10*v - 1. What is the units digit of v + 2 + (16 - (-2)/2)?
8
Let s(a) = -969*a + 1560. What is the tens digit of s(-62)?
3
Let v(i) = 464*i**3 + 26*i**2 - 97*i + 6. What is the units digit of v(3)?
7
What is the units digit of (4 + 1 + 7120 + 24)/1?
9
Let f(b) = -15*b**2 + 4*b + 5. Let t = 2 - -3. Let o(v) = -14*v**2 + 3*v + 4. Let w(g) = t*f(g) - 6*o(g). What is the units digit of w(2)?
1
Let r be -6*9/(-24)*36. Suppose 3*c - r = -2*z, -3*z + 2*z = -c - 28. Let a = z + 77. What is the tens digit of a?
1
Let j be (0/(-5))/((-1)/(-1)). Suppose -6*d - 414 + 1500 = j. What is the hundreds digit of d?
1
Let c(p) = -52*p**3 - 2*p**2 - 4*p - 7. Let x = 140 - 142. What is the hundreds digit of c(x)?
4
Let l = 1 + -1. Suppose -2*g + 44 - 34 = 0. Suppose g*q - 25 = -l*q. What is the units digit of q?
5
Suppose -5*o + 3*c + 814 = 0, 0*c - 173 = -o + 4*c. Suppose -5*h + 0*d + 4*d = 476, 2*h + 2*d + 176 = 0. Let u = o + h. What is the tens digit of u?
6
Let f(g) = g**2 + 17*g - 28. Suppose -5*k - y + 5 = -6*y, 5*k - 40 = -2*y. Let q be k + -2 - -1*(-29 + 2). What is the tens digit of f(q)?
1
Suppose 102*i - 5517 = 99*i. What is the hundreds digit of i?
8
Let d = 11269 - 4289. What is the tens digit of d?
8
Let o = 95 - 91. Suppose l = 5*z - 2251, 3*l - 590 = -o*z + 1207. What is the hundreds digit of z?
4
Suppose a = -d - 791 + 27859, -d + 27083 = -4*a. What is the ten thousands digit of d?
2
Let y(h) = -6057*h - 223. What is the hundreds digit of y(-4)?
0
Suppose 3*l = 6, -l = 3*h - 16736 - 441. What is the tens digit of h?
2
Let b(z) = z**3 + 6*z**2 + 18*z + 67. Let u be b(-5). Suppose -5*p - 1347 = -u*t, -225 + 900 = t - p. What is the tens digit of t?
7
Suppose -2*j = 2*t - 16, 24 = j - 3*t + 8*t. Suppose n - 278 = -j*n - 2*m, -3*n = -2*m - 170. What is the units digit of n?
6
Let n be (0 + 1)*9/1. Suppose -n*o + 3798 = 108. What is the tens digit of o?
1
Suppose -2*p = -7*p - 2700. Let s = -8 - p. Suppose 4*c + 3*g = 447 + s, -4 = -4*g. What is the hundreds digit of c?
2
Suppose -51*c + 78450 + 139036 = -14*c. What is the tens digit of c?
7
Suppose -5*x + n = 7 - 91, -x + 36 = -5*n. Suppose 0 = -8*c - x + 168. What is the tens digit of c?
1
Suppose 0 = 543*u - 101*u - 2543268. What is the tens digit of u?
5
Suppose 44418 - 214070 = 1461*h - 1465*h. What is the hundreds digit of h?
4
Let b(u) = -421*u + 6. Let p be b(-3). Suppose -6*w + 1289 = y - 3*w, 2*w + p = y. What is the units digit of y?
7
Let s(b) = 5*b + 4. Let t be s(0). Suppose -t*k = -1804 - 72. What is the tens digit of k?
6
Let q = -189 - -112. Let d = -41 - q. Suppose 3*w = 117 + d. What is the tens digit of w?
5
Let d(j) = -33*j + 4. Let i be d(-2). Suppose -u = -312 + i. Suppose 0 = 3*h + h + v - 199, -5*h = -v - u. What is the units digit of h?
9
Suppose 0*w - 8*w = -10200. Suppose -4*d = 4*c - 1320, -d + 5*c = 3*d - w. What is the hundreds digit of d?
3
Let l be 0 + -3 + (-2130)/6. Let g = l + 242. Let p = -40 - g. What is the tens digit of p?
7
Let q(n) = -n**3 + 12*n**2 - 4*n + 13. Let d be q(11). Let b = d + -73. Suppose -b*f + 13*f = -320. What is the units digit of f?
0
Let i be 14/(5 + 1*(-9)/3). Suppose 5*h + c - 1264 = 0, 3*h - i*c - 752 = -6*c. What is the units digit of h?
2
Let p(t) = -167*t + 1. Let c(m) = -m**3 + 6*m**2 - 5*m - 1. Let k be c(5). Let b be p(k). Suppose 0 = 13*l - 12*l - b. What is the units digit of l?
8
Let x = 34 - 39. Suppose 17*g = 9*g + 32. What is the tens digit of (-4*x/g)/(1/26)?
3
Suppose -44 = -20*m + 9*m. Suppose 2296 = m*f + 32. What is the tens digit of f?
6
Let j = 395 - 374. What is the hundreds digit of (2/(-5))/(j/(-64050))?
2
Suppose -332*i - 677534 + 11219198 = 0. What is the units digit of i?
2
Let d(q) = -5*q - 6*q**2 + q**3 + 8 + 0*q**2 + 9*q**2. Let v(a) = a**3 + 14*a**2 + 4. Let i be v(-14). What is the hundreds digit of d(i)?
1
Suppose -19*a + 670 = -3073. Let l = a - -188. What is the units digit of l?
5
Let i be (-5)/1 - (-17 + 2 + -5). Let p(j) = -154*j**2 + 1. Let n be p(1). What is the hundreds digit of 1*(-10)/i*n?
1
Let i = 458 - 432. Suppose 4*p + 10 = 6. What is the units digit of 13/(-2)*p*i + 1?
0
Let t = -7 - -59. Let l = t + -50. Suppose -237 = -3*h - 3*c, 4*c = 3*c - l. What is the tens digit of h?
8
Suppose 3*f - 2*u = -1911, 3985 = -4*f - 2*u + 1437. Let k = f - -1293. What is the units digit of k?
6
Let f(b) be the second derivative of 11*b**4/12 + 107*b**3/6 + 21*b**2 - b - 17. What is the thousands digit of f(-17)?
1
Let s be (-2)/4*464/(-116). Suppose -s*m + 47 = -157. What is the units digit of m?
2
What is the tens digit of 1763817/791 - (-6)/(-7)?
2
What is the ten thousands digit of (21/882*-14)/(1/(-76968))?
2
Let y(d) = -4*d - 6. Let p be y(-2). Suppose 0*b - p*b - 18 = 0. What is the units digit of b/(-12)*(154 + 2)?
7
Suppose -5*j - 4*a + 26072 = 0, 0 = -3*j - 5*a - 4355 + 19993. What is the tens digit of j?
1
Let o(l) = 2*l**3 - 14*l**2 - 21*l + 69. Let x be o(16). Suppose -y - 3*n + 5*n = -871, 0 = -5*y - 4*n + x. What is the units digit of y?
9
Let a = -8 + 17. Let q be 15/a + -2 + 68/6. Suppose -q*s + 1030 = -s. What is the units digit of s?
3
Let c(o) be the first derivative of 7*o**2 + 11*o - 47. Let k = -21 - -29. What is the units digit of c(k)?
3
Let u = 675 + -672. Suppose -1242 = -3*i - u*p, -4*i - 4*p = -6*p - 1686. What is the tens digit of i?
1
Suppose 0 = 3*w + 21, -i + 4*i = 5*w + 29381. What is the tens digit of i?
8
Let o(x) = 45 + x - 13*x - 2*x + x**2. Let i be o(5). Suppose -2*k = 2*k - 3*w - 308, i = k + w - 70. What is the units digit of k?
4
Suppose 85 = 5*b + 5*p, -2 = 2*b + p - 35. Suppose 8*y = b*y - 1088. Suppose -m + 113 + y = 0. What is the hundreds digit of m?
2
Let t = 11 - 29. Let y be ((-29)/(-3))/(6/t). Let x = -17 - y. What is the units digit of x?
2
What is the tens digit of (-17)/(-85) + 19/30 - (-641092)/24?
1
Suppose -11 + 65 = 3*o. Suppose -644 = -2*q + o. What is the units digit of q?
1
Suppose 19*y = -28*y + 705. Suppose 0 = -f - 13*z + y*z + 643, -3*f + 1928 = -5*z. What is the hundreds digit of f?
6
What is the ten thousands digit of (97235 - 0)*((-676)/(-130))/26?
1
Suppose 20*z = 11*z - 18. What is the hundreds digit of (-2 + 181 - 4) + z?
1
Suppose 4*d = 2*o - 59876, o - 3*d - 41249 = -11320. What is the units digit of o?
6
Let x = 16611 - 2536. What is the thousands digit of x?
4
Let x be (-2)/(-10)*-1 + 64320/100. Let m = x - 448. What is the units digit of m?
5
Suppose w + 2*l = -0*w - 139, -5*w - 4*l - 701 = 0. Let i be 1*3 + (-13)/((-13)